e a(-5).
6
Suppose 0 = r + 4*r. Let f(m) = -2*m - m + 12 + 2*m + r*m. What is f(5)?
7
Let u(f) = 6*f + 1. Let v(y) = 6*y + 1. Let z(d) = -4*u(d) + 5*v(d). Calculate z(-1).
-5
Let t(s) = s**2 - 8*s. Let w(a) = -2*a**2 + 16*a - 1. Let b(z) = -5*t(z) - 2*w(z). Determine b(7).
9
Let z(c) = c**2 - 1. Let q be z(-1). Let o(x) be the third derivative of -x**6/120 + x**5/60 + x**4/24 - 3*x**3/2 + 15*x**2 + 1. Calculate o(q).
-9
Let w be 50/(-70)*(-3 + -4) - -1. Let j(o) = 2*o + o - 4*o. What is j(w)?
-6
Let b be 2/(-4)*(-6)/(-1). Let p(o) be the third derivative of o**5/60 - o**4/24 - o**3/3 + 8*o**2. Determine p(b).
10
Let h(v) = 2*v + 1. Let g(l) = 2*l + 35. Let a be g(-16). What is h(a)?
7
Let x = 97 + -69. Let k = x - 22. Let v(o) = -1 - 10*o**2 + o**2 + 2*o**2 + 5*o + o**3. Determine v(k).
-7
Let l(s) be the third derivative of -s**4/24 + s**3/6 - 7*s**2. Determine l(-2).
3
Let g(z) be the third derivative of z**8/2240 - z**7/1260 - z**6/360 + z**5/60 - z**4/12 + 4*z**2. Let l(w) be the second derivative of g(w). Give l(2).
14
Let h(t) be the first derivative of -t**2/2 + 2. Give h(0).
0
Let f(l) = -l**2 + 6*l - 2. Let x(s) = s**2 - 2*s + 4*s + 5 + 3*s. Let t be x(-5). Calculate f(t).
3
Let j(y) = -13*y + 4. Let g(h) = 27*h - 9. Let k(i) = 4*g(i) + 9*j(i). Let f(p) = -p + 8. Let m be f(9). Calculate k(m).
9
Let z(q) = -q**3 - 11*q**2 + 14*q + 14. Let t(k) = k**3 + 11*k**2 - 14*k - 15. Let u(n) = 4*t(n) + 3*z(n). Give u(-12).
6
Let y(c) = -4*c - 5. Let s(h) = h - 8. Let z(d) = 3*d**2 + 1. Let u be z(-1). Let w be s(u). Calculate y(w).
11
Let q(d) = d**2 - d - 2. Suppose 0 = b + 3*b. Suppose c = -b*c. Suppose c*k - k = 0. Give q(k).
-2
Let q = -14 - -34. Suppose -2*f = -6*f - q. Let y(a) = a**2 + 5*a - 3. What is y(f)?
-3
Let k(s) = -5*s - 31. Let t(q) = -q - 6. Let r(u) = -2*k(u) + 11*t(u). Determine r(-5).
1
Let z(l) = -3*l**2 + 2*l + 3. Let s(r) = -r**2 - r - 1. Suppose 4*t - 1 = -5*d, t + 3 = -2*d + 4. Let i(o) = d*z(o) - 2*s(o). Determine i(4).
5
Let l(c) = -c**2 - 18*c - 27. Let j be l(-16). Let r(y) = -y + 6. Calculate r(j).
1
Let t = 5 - 1. Let h(g) = g**2 - 2*g + 3. What is h(t)?
11
Let y be 6/(-4) - (-28)/8. Let c(g) = 4 - 4*g**2 - 1 + y - 5*g + 0*g**3 + g**3. Determine c(5).
5
Let f(m) = -m**2 - 3*m + 3. Let t = -1 - -2. Suppose -5*s + 3*q = -5 - 4, 3*s + 3*q - 15 = 0. Let g = s - t. Determine f(g).
-7
Let s = -29 - -26. Let w(o) = o**2 + o - 1. Determine w(s).
5
Let m(u) = -u**2 + u - 5. Suppose f = 3*f. Suppose f = -2*a - 2*a. Give m(a).
-5
Let u(i) = i**2 + 3*i + 1. Let p be u(-3). Let t(a) be the third derivative of -a**6/24 - a**5/60 + a**4/24 + 38*a**2. Calculate t(p).
-5
Let a(x) = 2*x - 17. Let i be a(7). Let r(n) be the first derivative of -n**4/4 - 2*n**3/3 + 2*n**2 + n - 2. What is r(i)?
-2
Let t be 2*(2/1)/2. Let p(z) = -z**2 + 0 + 5*z + 0*z**t - 3. Let q(b) = -b**3 + b**2 + 3. Let y be q(0). Give p(y).
3
Let i(y) = -y**3 + 5*y**2 + 2*y. Suppose 3*w + 4*n - 31 = 0, -w + 2*n = -4*w + 23. Determine i(w).
10
Let y(h) = h - 1. Let r(f) = -6*f - 11. Let t be r(-3). What is y(t)?
6
Let v(h) be the first derivative of h**2/2 - 5*h + 1. Let d be v(7). Suppose -4*f + 4 = 4*t, f + 1 = -d*f - 4*t. Let n(q) = 2*q - 5. Give n(f).
5
Let w(i) = -i**3 - 5*i**2 - 4*i - 5. Suppose 2*h + 2*o = 4, h - 4 = -h + o. Let f be 4/(-3 + 0 + h). Give w(f).
-5
Suppose 0 = 3*k - 7 + 1. Let n(u) = -7*u + 1. What is n(k)?
-13
Let n(v) = 9*v**3 - 1. Let t(i) = -45*i**3 + 6. Let z(r) = 11*n(r) + 2*t(r). What is z(-1)?
-8
Let q(i) = 3*i**3 + i + 7. Let u(t) = 8*t**3 + t**2 + 3*t + 20. Let z(k) = -11*q(k) + 4*u(k). Suppose 5*x = 2*j + 14, 3*x + 2*j = -0*j + 18. What is z(x)?
7
Let j(q) = 0 - 7*q - 5 + 6*q. Determine j(-5).
0
Let u be 1/(-2)*(-7 - -1). Let j(c) = c - 3. Let p be j(u). Suppose -3*b - b + 12 = p. Let a(l) = -l**2 + 3*l + 4. Calculate a(b).
4
Let c = 11 - 15. Let l(y) = 2*y + 4. What is l(c)?
-4
Let z = -3 + -15. Let t be (-1)/(((-21)/z)/(-7)). Let d(q) = -q + 6. Calculate d(t).
0
Suppose 0 = -7*g - 6*g + 26. Let v(s) = -7*s + 2. Determine v(g).
-12
Let j = -4 + 4. Let p = j + 3. Let m = 1 + p. Let f(t) = t**3 - 5*t**2 + 5*t + 3. Give f(m).
7
Let r be 4/(-10)*(-10)/4. Let q(c) be the third derivative of -c**4/8 + 5*c**2. Calculate q(r).
-3
Let o(k) = 3*k + 3. Suppose 2*r = 6*r + 4*v + 24, 5*v + 22 = -3*r. Calculate o(r).
-9
Let l(f) be the first derivative of -f**3/3 + 3*f**2 + f + 9. What is l(5)?
6
Let p = 4 - 0. Let l = -5 + 6. Let n(y) = 0 - l + 6 + 1 - y. Calculate n(p).
2
Suppose 3*q - 6 = -0*q. Suppose 3*c + 2 = q*c. Let j be c/(-4) - (-6)/(-4). Let u(n) = 2*n**3 + n**2 + n. What is u(j)?
-2
Let r = 147 + -150. Let l(w) = 3*w + 3. Calculate l(r).
-6
Let h(i) = 6*i - 1. Suppose -3*a - 25 = -8*a. Suppose -g = w, 3*g - 3*w + a = g. Determine h(g).
-7
Let h(l) = l**3 + l + 2. Let y(j) = 2*j**3 + j**2 + 2*j. Let v be y(-2). Let n = 16 + v. Give h(n).
2
Let x be (-2)/6 + (-22)/(-3). Suppose 1 - x = -3*z. Let g(w) = w - 1. Calculate g(z).
1
Let a(u) = 2*u + 17*u**2 - 21*u**2 + 2 - 1. Let v be a(-1). Let i(z) = -z - 11. Calculate i(v).
-6
Let c(p) = p**3 - 4*p**2 - 5*p + 1. Let i be (-315)/(-65) - (-4)/26. Determine c(i).
1
Let t(h) = -5*h + 3. Let k(a) = a + 1. Let l(b) = -6*k(b) - t(b). What is l(0)?
-9
Suppose -2 = -2*s - t - 0, -s - t + 2 = 0. Let u(i) = i**3 + i**2 + 5*i. Let d(w) = 2*w**3 + 2*w**2 + 11*w. Let f(n) = 6*d(n) - 13*u(n). What is f(s)?
0
Let h(v) = 6*v**2 - 1. Let u(q) = q**2 + 8*q + 4. Suppose d = 2*p - 0 + 3, 3*d - 4*p + 1 = 0. Let g be u(d). Let w = 2 + g. Give h(w).
5
Let g(i) = -12*i**2 + 2*i - i**3 + 1 - 4 + 8*i**2 + 9*i**2. Determine g(5).
7
Let y be 2/(-6) + ((-55)/15)/(-11). Let r(i) = -i**2 - i - 3. Give r(y).
-3
Let u(g) be the first derivative of g**4/2 + g**3/3 + 12. Give u(2).
20
Let x(a) = a - 13 + 5 + 2. What is x(5)?
-1
Let m(o) be the third derivative of -o**6/120 - o**5/10 - o**4/4 + o**3/6 - 2*o**2. Give m(-5).
6
Suppose i - 2*g - 8 = 14, 0 = 2*i + 4*g - 68. Suppose 2*j - u + 1 + 0 = 0, -4*j - 4*u = -i. Let f(w) = w**2 - 4 - 5*w + 2*w**j + w**3 + w**2. Give f(-5).
-4
Let w(m) = -m**3 + 3*m**2 - 2. Let j = -36 + 54. Suppose 0 = -0*z + 3*z - 3*u - j, -3 = u. What is w(z)?
-2
Let z(k) = k**3 - 3. Let h(p) be the second derivative of p**3/6 + 5*p. Let d be h(0). What is z(d)?
-3
Let g(c) = -3 - 5*c - 4*c**2 + 0*c + 0*c**2 - c**3. What is g(-3)?
3
Let z(a) = -a**3 + 4*a**2 + 4*a - 5. Let h be (2/2)/((-1)/(-4)). Calculate z(h).
11
Let u(z) = -2*z - 4. Let o be (4 + -5)*-1 - -4. Give u(o).
-14
Suppose -5*g - 5 = -0*g. Let c(b) = -b + 1. Let n(r) = 2*r - 2. Let u(a) = g*n(a) - 3*c(a). Let s(j) = 7*j - 5. Let i(k) = s(k) - 6*u(k). What is i(3)?
4
Let i(w) be the third derivative of -w**2 + 0*w + 0 - w**3 + 1/24*w**4. Let j be i(6). Let t(b) = b**2 + b - 6. What is t(j)?
-6
Let i(j) = 3*j - 3. Suppose 5*m - 10 + 0 = 0. Let p be (0/(-3))/(m/2). Suppose p = -s - s - 4*l + 8, 4*s - 12 = -4*l. What is i(s)?
3
Let d(t) = -3*t + 17. Let m(h) = -h + 6. Let u(c) = 3*d(c) - 8*m(c). What is u(5)?
-2
Suppose -l = s - 2, l - 4*s = -0*l + 7. Let r(o) = 8*o + o**2 - 2*o**2 - l - 3. Suppose -29*a + 32*a = 18. Give r(a).
6
Suppose 2*q - 6*q = -5*l - 31, -2*q + 8 = 0. Let j be (l/9)/(3/(-18)). Let v(x) = 4*x - 2*x**2 + 3*x**j - 3*x**2. Give v(3).
-6
Let i be (6/2)/(19 + -18) - 6. Let n(x) = -4*x - 3. Determine n(i).
9
Let x(z) be the second derivative of z**5/20 + z**4/12 - 3*z**2/2 - 4*z. What is x(0)?
-3
Suppose 3*r = r. Let o(w) be the second derivative of 3*w**2 + 2*w + 1/6*w**3 + 0. Give o(r).
6
Let t(u) = -u**2 - 2*u - 2. Suppose -4*b + 9 + 3 = 0. Let q(x) = -2*x**2 - x - 1. Let n(v) = b*t(v) - 2*q(v). Determine n(3).
-7
Let f = -2 + 3. Let g(a) be the first derivative of a**3/3 + a**2/2 - 2. Determine g(f).
2
Let x = 1 - -1. Suppose -6*k = -f - 3*k - x, 0 = -k. Let u(o) = -4*o + 10 - 26 + 3 + 11. Calculate u(f).
6
Let w(v) be the second derivative of v**3/3 - 7*v**2/2 - 18*v. Give w(5).
3
Let d(x) = 3*x + 3*x**2 - 2*x**2 - 3 - 9*x. What is d(7)?
4
Let u(d) = 3*d**3 - 3. Let k(h) = -4*h**3 + h + 3. Let t(s) = 4*k(s) + 5*u(s). What is t(2)?
-3
Suppose m - l = -1, 2*m + 2 = -3*m + 2*l. Let n(y) be the second derivative of -5/6*y**3 - 1/12*y**4 + m + y + 5/2*y**2. Calculate n(-5).
5
Let t(j) = 4*j + 8. Suppose 4*n + 31 = 7. What i